 r = -2183 - -3452. List the prime factors of r.
3, 47
Suppose -j + 44*j - 69961 = 0. What are the prime factors of j?
1627
Suppose -l - 3*i + 5 = 0, i = -2*l + 1 + 4. Suppose -l*g + 4 = -12. Let s(w) = 2*w**2 - 11*w - 1. List the prime factors of s(g).
3, 13
Let h be -17 + 1/(3/3). Let g be (-2)/(2/23) + (18 - 15). Let o = h - g. List the prime factors of o.
2
Let c(s) = 42*s**2 - 14*s - 2. List the prime factors of c(5).
2, 3, 163
Let b = 2 + 0. Suppose -b*h + 169 = 29. Suppose -3*s + h = -c, 2*s - 3*c + 2*c = 47. List the prime factors of s.
23
Suppose -13*l = -8*l. Suppose l = -7*a + 2*a + 70. List the prime factors of a.
2, 7
Let w(k) = 18*k - 12. Let y be w(11). Suppose -o - 4*o = -4*z + y, -5*z + 251 = 3*o. Let g = z - 22. List the prime factors of g.
3
Let m be 0/(-4) - (0 - 0). Suppose m = f - 5*f. Suppose f*s - 2*s = -4. What are the prime factors of s?
2
Suppose -6 = 5*p - 1. List the prime factors of (-8 + 45)/(0 - p).
37
List the prime factors of (5530/21 + -8)*(-3)/(-2).
383
Let a be -4 - 0/(5 - 1). Let n(b) = 5*b**2 - 7*b - 9. Let z be n(a). What are the prime factors of 0 - z/(-4 + 1)?
3, 11
Let o = 883 - -1330. What are the prime factors of o?
2213
List the prime factors of (-2)/(-7) + (-256344)/(-231).
2, 3, 5, 37
Let m(b) = -b - 7. Let d be m(3). Let n(z) = 3*z**2 + 13*z + 9. What are the prime factors of n(d)?
179
Suppose 23848 = 18*m + 5650. List the prime factors of m.
3, 337
Let a = -2 - -4. Let p(m) = 0*m**2 + 4*m**2 + a*m + m**2 + 2 - 4*m**2. What are the prime factors of p(3)?
17
Let n = 294 + -172. Suppose -p = 4*t + n, 70 + 60 = -4*t - 5*p. Let m = -24 - t. What are the prime factors of m?
2, 3
Let i = 1160 - 749. What are the prime factors of i?
3, 137
Suppose -5*l - 2*d = -5*d + 4, -4*d - 12 = 2*l. Let x be 328/(-24) - l/(-6). Let o = x - -40. What are the prime factors of o?
2, 13
Let n(k) = -9*k - 10. Let v = 6 + -1. Let i be n(v). List the prime factors of i/(-15) + 1/3.
2
List the prime factors of ((-9)/(-18)*-10014)/(-3).
1669
Let a(k) = -k**2 - 4*k + 4. Let j be a(-6). Let c be (-1)/(j/4 - -3). Let i(f) = -10*f. List the prime factors of i(c).
2, 5
Suppose 3*r - r = 2*y + 16, -3*y = 3*r. Suppose r*p - 40 = 2*v, 2*p + 2*p - 5*v - 40 = 0. What are the prime factors of p?
2, 5
Suppose 0 = -2*q + q + 76. Suppose 2*u + q = 2*c, 5*c + 5*u - 155 = 3*u. Suppose 5*n - 72 = c. What are the prime factors of n?
3, 7
Suppose -2*s - 8 = 3*k, 9 = 4*s - 5*k - 19. Suppose -2*l + 2*x - 4 = 0, -2*x + 4*x - 8 = 0. Suppose -s*i + 212 = l*i. List the prime factors of i.
53
Suppose -3*d - 4 = -4*d. Let o = 298 + -294. What are the prime factors of 184/o*2/d?
23
Suppose 16 = 11*r - 39. Let g(d) = 5*d**2 - 8*d - 1. What are the prime factors of g(r)?
2, 3, 7
Let a(k) be the second derivative of -61*k**3/3 - 3*k**2 + 13*k. What are the prime factors of a(-1)?
2, 29
Suppose 4*i + 11*q - 2742 = 8*q, 0 = -2*i - 4*q + 1376. List the prime factors of i.
2, 3, 19
Let g(t) = -t**3 - 2*t**2 - 5*t - 4. Suppose -a - 3*b = -15, a = 3*b + 2*b - 9. Suppose -6 = a*w + 18. What are the prime factors of g(w)?
2, 3
Suppose -a - 228 = -5*a - 4*s, -2*a + 4*s = -96. Let j be 5 + -2 - (1 - a). Suppose 12*w = 14*w - j. List the prime factors of w.
2, 7
Let f = -45 - -344. Suppose -5*d + 2*d - v + f = 0, 2*d - 4*v = 176. What are the prime factors of d?
2, 7
Suppose 0*p = -4*p + 488. What are the prime factors of p?
2, 61
Let l(q) = -3*q**2 + 4*q**2 - 6*q - 2*q**2 - 7 - 2*q. Let t be l(-7). Suppose 4*g - 85 = -c, -3*g + 4*c + t*c + 40 = 0. What are the prime factors of g?
2, 5
Let i(k) = -k - 18. Let z be i(-18). Suppose 0*u + 4*u - 16 = z. Suppose -2*g + 43 + 0 = 3*y, g - 2*y = u. What are the prime factors of g?
2, 7
Let m(u) = 2*u**3 - 8*u**2 + 6*u + 13. Suppose 3*x = 2*w + 24, 8*w - 4*w + 24 = 2*x. List the prime factors of m(x).
193
Let z = -1 - -5. Suppose z*f + 4 = -0, -4*w = -3*f - 15. Suppose -100 = -w*t - 2*t. What are the prime factors of t?
2, 5
Let p = -322 + 880. List the prime factors of p.
2, 3, 31
Let l(p) = p + 1. Let k(n) = 2*n**2 + 10*n + 10. Let f(j) = k(j) + 3*l(j). List the prime factors of f(-7).
2, 5
Let i = -43 - -28. Let c(w) = w**3 + 14*w**2 - 18*w + 15. List the prime factors of c(i).
2, 3, 5
Suppose 12 = 3*u - 0*u. Suppose -u*a = 34 - 146. What are the prime factors of a?
2, 7
Suppose 0 = 4*t - 0*c + 5*c + 57, -3*c + 1 = -2*t. Let l(w) = -w**2 - 12*w - 12. What are the prime factors of l(t)?
2, 5
List the prime factors of (27/(-18))/((-2)/4) + 511.
2, 257
Suppose -28*o = -24*o - 12. Suppose -5*j + 5*w = -1415, 4*w = o*j - j - 574. List the prime factors of j.
3, 31
Let j be 0 + (-15)/(-4) + (-19)/(-76). What are the prime factors of j - (6 - 0) - -37?
5, 7
Let a(l) = 107*l**2 + 2*l - 1. Let j be a(1). Suppose 0*f = 4*q - 2*f - j, -2*q + 54 = f. List the prime factors of q.
3
Let p = 14 - 14. Suppose 5*w - 4*k + 2 = 26, 3*w + 5*k - 7 = p. Suppose 2*n - 10 = 4*q, -3*n - 7 + 72 = w*q. List the prime factors of n.
3, 5
Let k(s) = 12*s**2 + 4*s + 1. Let w be k(3). Let p = 182 - w. List the prime factors of p.
61
Let p = 2886 + -1548. List the prime factors of p.
2, 3, 223
Let p(v) = 2*v + 9*v + 28*v**2 + 7*v - 19*v + 2. What are the prime factors of p(2)?
2, 7
Suppose -f + 0*f - 4*d + 21 = 0, 3*d + 27 = 4*f. What are the prime factors of 3/f - 1221/(-9)?
2, 17
Suppose -16*b - 1798 = -17*b - 2*s, 5393 = 3*b + 5*s. What are the prime factors of b?
2, 449
Let w be ((-5)/2)/((-4)/(-8)). Let n be (-5)/(w/(-2)) + 14. What are the prime factors of n/(-30)*20/(-1)?
2
Let v(j) be the third derivative of -j**5/60 - 2*j**4/3 + 41*j**3/6 - 3*j**2. List the prime factors of v(-15).
2, 7
Suppose -9*p = -5*p - 136. Suppose 2*u = p + 16. What are the prime factors of u?
5
Let t(o) = 0*o**2 - 5 + 3*o**2 + 5*o - o**2 - 2*o. List the prime factors of t(4).
3, 13
Suppose -22 = -2*b + 4*m, -2*m - 14 = -b + m. Suppose d + l - 41 = 4, d + b*l - 65 = 0. What are the prime factors of d?
2, 5
What are the prime factors of (-5 - -4 - 2)*562/(-6)?
281
Suppose -13*f + 20 = -9*f. Suppose f*d - a - 336 = 0, d - 5*d = -5*a - 252. What are the prime factors of d?
2, 17
Suppose -2*l + 5 = -6*l + d, -3*l - 5*d - 21 = 0. What are the prime factors of 5/3 + 5 - l/(-3)?
2, 3
Suppose 0 = -22*h + 14062 + 45646. List the prime factors of h.
2, 23, 59
Let i(c) = c**2 + 2*c - 18. Let d be (-3 - 75/(-10))*2. List the prime factors of i(d).
3
Let z(r) = -6*r - 4. Let j be z(-2). Let w(y) = -j*y + 0*y - 3*y + 0 - y**2 - 9. What are the prime factors of w(-6)?
3, 7
Suppose 0*o + 4*s + 16 = 4*o, -11 = 4*o + 5*s. Suppose 3 - o = g, 4*x - 3*g = 146. Suppose -37 = -3*w + x. What are the prime factors of w?
5
Let x = 5 - -11. Let v(i) = -34*i + 5 + 0 + x*i. List the prime factors of v(-2).
41
Let f(o) = -o**2 + 32*o - 26. Let t be f(31). Let a be ((-6)/4 - -2)*0. Suppose a = t*l - 6*l + 12. What are the prime factors of l?
2, 3
Let w(n) = -4*n**3 - n**2 - 6*n + 1. Let k be 108/(-14) - -6 - 4/14. List the prime factors of w(k).
41
Let s = -29 - -29. Suppose -3*q + 183 + 0 = s. List the prime factors of q.
61
Suppose 902 = 3*y + 8*y. Suppose 2*z + y - 518 = 0. List the prime factors of z.
2, 109
Suppose 3*p = -3*p. Let o = p + 2. Suppose -97 = -5*w + t, o*t - 18 = 3*w - 72. What are the prime factors of w?
2, 5
Let o(x) = -4 + 3 - x - 5*x**2 - 2*x. Let n be o(-2). What are the prime factors of 3 + 0 - n*1?
2, 3
Let p(i) = i - 2*i**2 + 31 + 11 - 14 + 3*i**2. Let z be p(0). Suppose 5*x - z = x. List the prime factors of x.
7
Suppose -5*y - 8 = 3*a + 4, 3*y + 4*a + 16 = 0. Let t(j) be the second derivative of -j**3/6 + 35*j**2/2 - 6*j + 4. What are the prime factors of t(y)?
5, 7
Let p(c) = c**3 + 14*c**2 - 7*c - 9. List the prime factors of p(-12).
3, 11
Let v(f) = f**2 - 8*f - 12. Let x be v(7). Let u = x + 64. List the prime factors of u.
3, 5
Suppose 3*r - 4*r - 8 = 0. Let m = -16 - r. List the prime factors of 3*35/(-30)*m.
2, 7
Let o = 318 + -210. Let s be (-4)/6*o/(-8). Let c(q) = q**3 - 9*q**2 + q + 3. What are the prime factors of c(s)?
2, 3
Suppose 2*h - 228 = 226. List the prime factors of h.
227
Let w be (13 + -11)/(2/94). Suppose -5*v - w = -2*x, 2*x - 2*v + 29 = 3*x. List the prime factors of x.
37
Suppose -3*k + 542 = -k - 3*j, -3*k + 819 = -3*j. What are the prime fa